 hundred thousands digit of 16141742?
1
What is the tens digit of 11654595?
9
What is the hundred millions digit of 8101955640?
1
What is the hundred thousands digit of 5707326280?
3
What is the tens digit of 2503430560?
6
What is the tens digit of 244463026?
2
What is the hundred thousands digit of 22209053?
2
What is the thousands digit of 4349508309?
8
What is the thousands digit of 130156263?
6
What is the hundred thousands digit of 277856495?
8
What is the thousands digit of 6781620897?
0
What is the ten thousands digit of 428988673?
8
What is the ten millions digit of 66533852?
6
What is the tens digit of 4699460832?
3
What is the units digit of 5300763?
3
What is the hundred millions digit of 179102752?
1
What is the hundreds digit of 8138044?
0
What is the hundred millions digit of 614080630?
6
What is the hundred millions digit of 124359549?
1
What is the units digit of 199528494?
4
What is the billions digit of 3826543378?
3
What is the ten millions digit of 3931438909?
3
What is the ten millions digit of 45431460?
4
What is the hundreds digit of 112703360?
3
What is the hundred thousands digit of 5361124507?
1
What is the tens digit of 226365936?
3
What is the hundred millions digit of 672745384?
6
What is the units digit of 134394483?
3
What is the ten thousands digit of 690205028?
0
What is the ten thousands digit of 13941736?
4
What is the hundred thousands digit of 67682590?
6
What is the millions digit of 340856223?
0
What is the hundred thousands digit of 53734276?
7
What is the ten thousands digit of 257881564?
8
What is the ten millions digit of 37976244?
3
What is the millions digit of 261745731?
1
What is the hundreds digit of 5540117?
1
What is the ten millions digit of 5007348939?
0
What is the hundred thousands digit of 314853716?
8
What is the millions digit of 175690305?
5
What is the hundreds digit of 1846328958?
9
What is the hundreds digit of 1466519376?
3
What is the ten millions digit of 100096903?
0
What is the millions digit of 186202688?
6
What is the millions digit of 1067890088?
7
What is the millions digit of 5898100?
5
What is the ten thousands digit of 209169219?
6
What is the ten thousands digit of 6502858825?
5
What is the hundred millions digit of 1178614436?
1
What is the hundred millions digit of 941664616?
9
What is the units digit of 100775272?
2
What is the hundreds digit of 3615735279?
2
What is the thousands digit of 142346521?
6
What is the ten millions digit of 18338940?
1
What is the units digit of 15032698?
8
What is the thousands digit of 6728810334?
0
What is the hundred millions digit of 184145305?
1
What is the units digit of 28371234?
4
What is the ten millions digit of 382609222?
8
What is the hundred thousands digit of 1051704909?
7
What is the hundreds digit of 51842749?
7
What is the units digit of 2159763546?
6
What is the thousands digit of 800304117?
4
What is the millions digit of 1269968672?
9
What is the hundred thousands digit of 88625675?
6
What is the thousands digit of 39931893?
1
What is the thousands digit of 402423079?
3
What is the ten millions digit of 220146861?
2
What is the hundreds digit of 75838757?
7
What is the tens digit of 12954670?
7
What is the hundred thousands digit of 2483743238?
7
What is the hundreds digit of 918951642?
6
What is the thousands digit of 1273832960?
2
What is the hundred millions digit of 464377336?
4
What is the hundreds digit of 44020641?
6
What is the tens digit of 192709753?
5
What is the tens digit of 1443627543?
4
What is the hundred thousands digit of 24638081?
6
What is the hundred thousands digit of 77537357?
5
What is the hundreds digit of 16516487?
4
What is the thousands digit of 55771163?
1
What is the hundreds digit of 136035127?
1
What is the ten thousands digit of 3834166082?
6
What is the hundred millions digit of 137046019?
1
What is the hundreds digit of 750837?
8
What is the millions digit of 2357178597?
7
What is the billions digit of 2022638960?
2
What is the tens digit of 576332023?
2
What is the hundred millions digit of 2024287249?
0
What is the hundred millions digit of 1808602576?
8
What is the ten thousands digit of 168084046?
8
What is the hundred thousands digit of 77776310?
7
What is the thousands digit of 313145555?
5
What is the hundred thousands digit of 1202217652?
2
What is the millions digit of 359943488?
9
What is the tens digit of 49695424?
2
What is the hundreds digit of 507295043?
0
What is the thousands digit of 326660117?
0
What is the tens digit of 153191718?
1
What is the hundred thousands digit of 1020896?
0
What is the ten thousands digit of 624006281?
0
What is the billions digit of 2086312337?
2
What is the millions digit of 103014589?
3
What is the ten thousands digit of 196061997?
6
What is the hundreds digit of 2524582252?
2
What is the hundred thousands digit of 80247750?
2
What is the millions digit of 4494730?
4
What is the hundreds digit of 232802921?
9
What is the millions digit of 86612632?
6
What is the hundred thousands digit of 90902145?
9
What is the tens digit of 2134736879?
7
What is the hundred thousands digit of 963369427?
3
What is the millions digit of 16256666?
6
What is the millions digit of 117534230?
7
What is the tens digit of 64626489?
8
What is the ten millions digit of 255369008?
5
What is the millions digit of 188077940?
8
What is the units digit of 29918285?
5
What is the ten millions digit of 140485652?
4
What is the tens digit of 254413880?
8
What is the tens digit of 7440846748?
4
What is the units digit of 605549195?
5
What is the millions digit of 13590574?
3
What is the tens digit of 2323447764?
6
What is the billions digit of 2404874075?
2
What is the ten thousands digit of 79024843?
2
What is the tens digit of 20684453?
5
What is the units digit of 52116869?
9
What is the ten thousands digit of 13644345?
4
What is the hundred thousands digit of 5585778177?
7
What is the ten millions digit of 96089773?
9
What is the hundred millions digit of 175676131?
1
What is the units digit of 17996417?
7
What is the thousands digit of 307841564?
1
What is the ten thousands digit of 373044630?
4
What is the ten millions digit of 186720739?
8
What is the tens digit of 1586126608?
0
What is the millions digit of 1319323377?
9
What is the hundred millions digit of 3213152184?
2
What is the tens digit of 248222184?
8
What is the ten millions digit of 30536121?
3
What is the thousands digit of 1080196634?
6
What is the thousands digit of 30480172?
0
What is the tens digit of 414507023?
2
What is the ten thousands digit of 224984370?
8
What is the hundred thousands digit of 932221215?
2
What is the hundred millions digit of 363030653?
3
What is the tens digit of 5868608712?
1
What is the hundred thousands digit of 7950358?
9
What is the ten millions digit of 45903622?
4
What is the ten thousands digit of 171885182?
8
What is the hundreds digit of 111557196?
1
What is the tens digit of 52883570?
7
What is the ten millions digit of 13561028?
1
What is the units digit of 327304586?
6
What is the tens digit of 15353741?
4
What is the tens digit of 6513074?
7
What is the hundred thousands digit of 1045655715?
6
What is the hundreds digit of 23759865?
8
What is the units digit of 6889581?
1
What is the thousands digit of 6141692293?
2
What is the thousands digit of 262001611?
1
What is the tens digit of 79535407?
0
What is the hundreds digit of 1196819687?
6
What is the millions digit of 683866881?
3
What is the ten millions digit of 535793155?
3
What is the tens digit of 991297359?
5
What is the units digit of 199961310?
0
What is the ten millions digit of 2247293375?
4
What is the hundreds digit of 50777868?
8
What is the ten millions digit of 2661500108?
6
What is the ten thousands digit of 345444786?
4
What is the hundreds digit of 59926845?
8
What is the hundreds digit of 146901666?
6
What is the thousands digit of 31168921?
8
What is the thousands digit of 162692894?
2
What is the hundred millions digit of 110005810?
1
What is the tens digit of 679109911?
1
What is the hundreds digit of 592862331?
3
What is the thousands digit of 57154705?
4
What is the ten millions digit of 136685321?
3
What is the units digit of 245916069?
9
What is the hundred millions digit of 837